{"id":46,"date":"2021-02-13T11:59:06","date_gmt":"2021-02-13T11:59:06","guid":{"rendered":"http:\/\/maarifkongresi.com\/v1\/?page_id=46"},"modified":"2021-02-13T11:59:06","modified_gmt":"2021-02-13T11:59:06","slug":"kongre-asamalari","status":"publish","type":"page","link":"https:\/\/maarifkongresi.com\/v1\/kongre-asamalari\/","title":{"rendered":"Kongre A\u015famalar\u0131"},"content":{"rendered":"<p style=\"text-align: justify;\"><strong>\u0130l\u00e7e kongre haz\u0131rl\u0131k toplant\u0131lar\u0131<\/strong><\/p>\n<p style=\"text-align: justify;\">10-23 May\u0131s 2021 tarihleri aras\u0131nda il\u00e7elerde toplanan kongrelerde T\u00fcrk maarifinin tespit edilen sorunlar\u0131, \u00e7\u00f6z\u00fcm \u00f6nerileri ve gelecek 2023 T\u00fcrk e\u011fitimine ili\u015fkin g\u00f6r\u00fc\u015f ve \u00f6nerileri rapor haline getirilerek; se\u00e7ilen il\u00e7e temsilcileri arac\u0131l\u0131\u011f\u0131yla il kongrelerinde kongreye sunulacakt\u0131r.<\/p>\n<p style=\"text-align: justify;\"><strong>\u0130l kongre<\/strong><\/p>\n<p style=\"text-align: justify;\">1-13 Haziran 2021 tarihleri aras\u0131nda il\u00e7e temsilcileri taraf\u0131ndan haz\u0131rlanan raporlar\u0131n illerde g\u00f6r\u00fc\u015f\u00fclmesi ve il raporu haline getirilerek 25 Haziran 2021 tarihine kadar T\u00fcrk E\u011fitim-Sen genel merkezine dijital ortamda g\u00f6nderilmesi sa\u011flanacakt\u0131r. Ankara\u2019da kurulan komisyonlar marifetiyle 13-18 Temmuz\u2019da Ankara\u2019da d\u00fczenlenecek kongrede bu raporlar\u0131n tart\u0131\u015f\u0131labilmesi i\u00e7in 5 Temmuz 2021 tarihinden itibaren kongre kat\u0131l\u0131mc\u0131lar\u0131na elektronik olarak ula\u015ft\u0131r\u0131lacak ve kongre sayfalar\u0131nda yay\u0131nlanacakt\u0131r.<\/p>\n<p style=\"text-align: justify;\">\n<p style=\"text-align: justify;\"><strong>Tematik \u00c7al\u0131\u015ftaylar<\/strong><\/p>\n<p style=\"text-align: justify;\">Maarif kongresi kapsam\u0131nda tematik \u00e7al\u0131\u015ftaylar d\u00fczenlenecektir bu kapsamda \u00e7al\u0131\u015ftay sonu\u00e7 raporlar\u0131 kamuoyu ile payla\u015f\u0131lacakt\u0131r.\u00a0\u0130l\u00e7e kongre raporlar\u0131 illerde, il raporlar\u0131 ve \u00e7al\u0131\u015ftay sonu\u00e7lar\u0131 kongrede \u00f6zel oturumlarda tart\u0131\u015f\u0131larak maarif kongresi sonu\u00e7 raporu olarak bir b\u00fct\u00fcn halinde tematik olarak kamuoyu ile payla\u015f\u0131lacakt\u0131r.<\/p>\n","protected":false},"excerpt":{"rendered":"<p>\u0130l\u00e7e kongre haz\u0131rl\u0131k toplant\u0131lar\u0131 10-23 May\u0131s 2021 tarihleri aras\u0131nda il\u00e7elerde toplanan kongrelerde T\u00fcrk maarifinin tespit edilen sorunlar\u0131, \u00e7\u00f6z\u00fcm \u00f6nerileri ve gelecek 2023 T\u00fcrk e\u011fitimine ili\u015fkin g\u00f6r\u00fc\u015f ve \u00f6nerileri rapor haline getirilerek; se\u00e7ilen il\u00e7e temsilcileri arac\u0131l\u0131\u011f\u0131yla il kongrelerinde kongreye sunulacakt\u0131r. \u0130l kongre 1-13 Haziran 2021 tarihleri aras\u0131nda il\u00e7e temsilcileri taraf\u0131ndan haz\u0131rlanan raporlar\u0131n illerde g\u00f6r\u00fc\u015f\u00fclmesi ve il\u2026 <span class=\"read-more\"><a href=\"https:\/\/maarifkongresi.com\/v1\/kongre-asamalari\/\">Read More &raquo;<\/a><\/span><\/p>\n","protected":false},"author":1,"featured_media":0,"parent":0,"menu_order":0,"comment_status":"closed","ping_status":"closed","template":"","meta":[],"_links":{"self":[{"href":"https:\/\/maarifkongresi.com\/v1\/wp-json\/wp\/v2\/pages\/46"}],"collection":[{"href":"https:\/\/maarifkongresi.com\/v1\/wp-json\/wp\/v2\/pages"}],"about":[{"href":"https:\/\/maarifkongresi.com\/v1\/wp-json\/wp\/v2\/types\/page"}],"author":[{"embeddable":true,"href":"https:\/\/maarifkongresi.com\/v1\/wp-json\/wp\/v2\/users\/1"}],"replies":[{"embeddable":true,"href":"https:\/\/maarifkongresi.com\/v1\/wp-json\/wp\/v2\/comments?post=46"}],"version-history":[{"count":1,"href":"https:\/\/maarifkongresi.com\/v1\/wp-json\/wp\/v2\/pages\/46\/revisions"}],"predecessor-version":[{"id":47,"href":"https:\/\/maarifkongresi.com\/v1\/wp-json\/wp\/v2\/pages\/46\/revisions\/47"}],"wp:attachment":[{"href":"https:\/\/maarifkongresi.com\/v1\/wp-json\/wp\/v2\/media?parent=46"}],"curies":[{"name":"wp","href":"https:\/\/api.w.org\/{rel}","templated":true}]}}